{"id":167,"date":"2022-03-18T11:58:27","date_gmt":"2022-03-18T14:58:27","guid":{"rendered":"https:\/\/silvinoeducacional.com.br\/site\/?page_id=167"},"modified":"2022-03-22T21:22:04","modified_gmt":"2022-03-23T00:22:04","slug":"intervencoes-cognitivas-e-comportamentais","status":"publish","type":"page","link":"https:\/\/silvinoeducacional.com.br\/site\/pos-graduacao\/intervencoes-cognitivas-e-comportamentais\/","title":{"rendered":"Interven\u00e7\u00f5es Cognitivas e Comportamentais para Crian\u00e7as e Adolescentes"},"content":{"rendered":"\n<h1>\n\t\tInterven\u00e7\u00f5es Cognitivas e Comportamentais para Crian\u00e7as e Adolescentes\n\t<\/h1>\n\t<p>O nosso curso visa atuar nas\u00a0interven\u00e7\u00f5es cognitivo-comportamentais mais empregadas, tais como: a psicoeduca\u00e7\u00e3o, a identifica\u00e7\u00e3o dos pensamentos autom\u00e1ticos e das emo\u00e7\u00f5es, a identifica\u00e7\u00e3o das cren\u00e7as centrais e intermedi\u00e1rias, a reestrutura\u00e7\u00e3o\u00a0cognitiva, a resolu\u00e7\u00e3o de problemas e a avalia\u00e7\u00e3o do processo.<\/p>\n\t\t\t<a href=\"https:\/\/silvinoeducacional.com.br\/site\/inscreva-se\/\" target=\"_self\" role=\"button\" rel=\"noopener\">\n\t\t\t\t\t\t\tInscreva-se\n\t\t\t\t\t<\/a>\n\t\t\t\t<img loading=\"lazy\" decoding=\"async\" src=\"https:\/\/silvinoeducacional.com.br\/site\/wp-content\/uploads\/2022\/03\/atendimento_educacional.png\" alt=\"atendimento_educacional\" itemprop=\"image\" height=\"2500\" width=\"2758\" title=\"atendimento_educacional\" onerror=\"this.style.display='none'\"  \/>\n<h1>\n\t\tInforma\u00e7\u00f5es adicionais\n\t<\/h1>\n\t\t\t\t<img loading=\"lazy\" decoding=\"async\" src=\"https:\/\/silvinoeducacional.com.br\/site\/wp-content\/uploads\/2022\/03\/pessoa_v3.png\" alt=\"pessoa_v3\" itemprop=\"image\" height=\"2500\" width=\"2122\" title=\"pessoa_v3\" onerror=\"this.style.display='none'\"  \/>\n\t\t\t\t<img loading=\"lazy\" decoding=\"async\" src=\"https:\/\/silvinoeducacional.com.br\/site\/wp-content\/uploads\/2022\/03\/logo_novo-300x300.png\" alt=\"logo_novo\" itemprop=\"image\" height=\"300\" width=\"300\" title=\"logo_novo\" onerror=\"this.style.display='none'\"  \/>\n\t<h6>Alavanque sua carreira!<\/h6>\n<h6>Venha para SILVINO EDUCACIONAL<\/h6>\n\n","protected":false},"excerpt":{"rendered":"<p>Interven\u00e7\u00f5es Cognitivas e Comportamentais para Crian\u00e7as e Adolescentes O nosso curso visa atuar nas\u00a0interven\u00e7\u00f5es cognitivo-comportamentais mais empregadas, tais como: a psicoeduca\u00e7\u00e3o, a identifica\u00e7\u00e3o dos pensamentos autom\u00e1ticos e das emo\u00e7\u00f5es, a identifica\u00e7\u00e3o das cren\u00e7as centrais e intermedi\u00e1rias, a reestrutura\u00e7\u00e3o\u00a0cognitiva, a resolu\u00e7\u00e3o de problemas e a avalia\u00e7\u00e3o do processo. Inscreva-se Informa\u00e7\u00f5es adicionais [&hellip;]<\/p>\n","protected":false},"author":1,"featured_media":0,"parent":18,"menu_order":0,"comment_status":"closed","ping_status":"closed","template":"page-templates\/template-pagebuilder-full-width.php","meta":{"_monsterinsights_skip_tracking":false,"_monsterinsights_sitenote_active":false,"_monsterinsights_sitenote_note":"","_monsterinsights_sitenote_category":0,"spay_email":"","footnotes":""},"class_list":["post-167","page","type-page","status-publish","hentry"],"_links":{"self":[{"href":"https:\/\/silvinoeducacional.com.br\/site\/wp-json\/wp\/v2\/pages\/167","targetHints":{"allow":["GET"]}}],"collection":[{"href":"https:\/\/silvinoeducacional.com.br\/site\/wp-json\/wp\/v2\/pages"}],"about":[{"href":"https:\/\/silvinoeducacional.com.br\/site\/wp-json\/wp\/v2\/types\/page"}],"author":[{"embeddable":true,"href":"https:\/\/silvinoeducacional.com.br\/site\/wp-json\/wp\/v2\/users\/1"}],"replies":[{"embeddable":true,"href":"https:\/\/silvinoeducacional.com.br\/site\/wp-json\/wp\/v2\/comments?post=167"}],"version-history":[{"count":4,"href":"https:\/\/silvinoeducacional.com.br\/site\/wp-json\/wp\/v2\/pages\/167\/revisions"}],"predecessor-version":[{"id":245,"href":"https:\/\/silvinoeducacional.com.br\/site\/wp-json\/wp\/v2\/pages\/167\/revisions\/245"}],"up":[{"embeddable":true,"href":"https:\/\/silvinoeducacional.com.br\/site\/wp-json\/wp\/v2\/pages\/18"}],"wp:attachment":[{"href":"https:\/\/silvinoeducacional.com.br\/site\/wp-json\/wp\/v2\/media?parent=167"}],"curies":[{"name":"wp","href":"https:\/\/api.w.org\/{rel}","templated":true}]}}

Intervenções Cognitivas e Comportamentais para Crianças e Adolescentes

<h1>
		Intervenções Cognitivas e Comportamentais para Crianças e Adolescentes
	</h1>
	<p>O nosso curso visa atuar nas intervenções cognitivo-comportamentais mais empregadas, tais como: a psicoeducação, a identificação dos pensamentos automáticos e das emoções, a identificação das crenças centrais e intermediárias, a reestruturação cognitiva, a resolução de problemas e a avaliação do processo.</p>
			<a href="https://silvinoeducacional.com.br/site/inscreva-se/" target="_self" role="button" rel="noopener">
							Inscreva-se
					</a>
				<img loading="lazy" decoding="async" src="https://silvinoeducacional.com.br/site/wp-content/uploads/2022/03/atendimento_educacional.png" alt="atendimento_educacional" itemprop="image" height="2500" width="2758" title="atendimento_educacional" onerror="this.style.display='none'"  />
<h1>
		Informações adicionais
	</h1>
				<img loading="lazy" decoding="async" src="https://silvinoeducacional.com.br/site/wp-content/uploads/2022/03/pessoa_v3.png" alt="pessoa_v3" itemprop="image" height="2500" width="2122" title="pessoa_v3" onerror="this.style.display='none'"  />
				<img loading="lazy" decoding="async" src="https://silvinoeducacional.com.br/site/wp-content/uploads/2022/03/logo_novo-300x300.png" alt="logo_novo" itemprop="image" height="300" width="300" title="logo_novo" onerror="this.style.display='none'"  />
	<h6>Alavanque sua carreira!</h6>
<h6>Venha para SILVINO EDUCACIONAL</h6>

<p>Intervenções Cognitivas e Comportamentais para Crianças e Adolescentes O nosso curso visa atuar nas intervenções cognitivo-comportamentais mais empregadas, tais como: a psicoeducação, a identificação dos pensamentos automáticos e das emoções, a identificação das crenças centrais e intermediárias, a reestruturação cognitiva, a resolução de problemas e a avaliação do processo. Inscreva-se Informações adicionais [&hellip;]</p>
