{"id":171,"date":"2022-03-18T12:01:11","date_gmt":"2022-03-18T15:01:11","guid":{"rendered":"https:\/\/silvinoeducacional.com.br\/site\/?page_id=171"},"modified":"2022-03-22T21:52:47","modified_gmt":"2022-03-23T00:52:47","slug":"reabilitacao-cognitiva","status":"publish","type":"page","link":"https:\/\/silvinoeducacional.com.br\/site\/pos-graduacao\/reabilitacao-cognitiva\/","title":{"rendered":"Reabilita\u00e7\u00e3o Cognitiva"},"content":{"rendered":"\n<h1>\n\t\tReabilita\u00e7\u00e3o Cognitiva\n\t<\/h1>\n\tO nosso curso visa fornecer mecanismos te\u00f3ricos e pr\u00e1ticos em reabilita\u00e7\u00e3o cognitiva, no sentido de capacitar pacientes e familiares a conviver, lidar, contornar, reduzir ou superar defici\u00eancias cognitivas, emocionais e sociais, proporcionando melhora significativa na qualidade de vida.<br \/>\nCapacitando cada vez mais o profissional, levando em conta as exig\u00eancias de atua\u00e7\u00e3o multiprofissional.\n\t\t\t<a href=\"https:\/\/silvinoeducacional.com.br\/site\/inscreva-se\/\" target=\"_self\" role=\"button\" rel=\"noopener\">\n\t\t\t\t\t\t\tInscreva-se\n\t\t\t\t\t<\/a>\n\t\t\t\t<img loading=\"lazy\" decoding=\"async\" src=\"https:\/\/silvinoeducacional.com.br\/site\/wp-content\/uploads\/2022\/03\/atendimento_educacional.png\" alt=\"atendimento_educacional\" itemprop=\"image\" height=\"2500\" width=\"2758\" title=\"atendimento_educacional\" onerror=\"this.style.display='none'\"  \/>\n<h1>\n\t\tInforma\u00e7\u00f5es adicionais\n\t<\/h1>\n\t\t\t\t<img loading=\"lazy\" decoding=\"async\" src=\"https:\/\/silvinoeducacional.com.br\/site\/wp-content\/uploads\/2022\/03\/pessoa_v3.png\" alt=\"pessoa_v3\" itemprop=\"image\" height=\"2500\" width=\"2122\" title=\"pessoa_v3\" onerror=\"this.style.display='none'\"  \/>\n\t\t\t\t<img loading=\"lazy\" decoding=\"async\" src=\"https:\/\/silvinoeducacional.com.br\/site\/wp-content\/uploads\/2022\/03\/logo_novo-300x300.png\" alt=\"logo_novo\" itemprop=\"image\" height=\"300\" width=\"300\" title=\"logo_novo\" onerror=\"this.style.display='none'\"  \/>\n\t<h6>Alavanque sua carreira!<\/h6>\n<h6>Venha para SILVINO EDUCACIONAL<\/h6>\n\n","protected":false},"excerpt":{"rendered":"<p>Reabilita\u00e7\u00e3o Cognitiva O nosso curso visa fornecer mecanismos te\u00f3ricos e pr\u00e1ticos em reabilita\u00e7\u00e3o cognitiva, no sentido de capacitar pacientes e familiares a conviver, lidar, contornar, reduzir ou superar defici\u00eancias cognitivas, emocionais e sociais, proporcionando melhora significativa na qualidade de vida. Capacitando cada vez mais o profissional, levando em conta as [&hellip;]<\/p>\n","protected":false},"author":1,"featured_media":0,"parent":18,"menu_order":0,"comment_status":"closed","ping_status":"closed","template":"page-templates\/template-pagebuilder-full-width.php","meta":{"_monsterinsights_skip_tracking":false,"_monsterinsights_sitenote_active":false,"_monsterinsights_sitenote_note":"","_monsterinsights_sitenote_category":0,"spay_email":"","footnotes":""},"class_list":["post-171","page","type-page","status-publish","hentry"],"_links":{"self":[{"href":"https:\/\/silvinoeducacional.com.br\/site\/wp-json\/wp\/v2\/pages\/171","targetHints":{"allow":["GET"]}}],"collection":[{"href":"https:\/\/silvinoeducacional.com.br\/site\/wp-json\/wp\/v2\/pages"}],"about":[{"href":"https:\/\/silvinoeducacional.com.br\/site\/wp-json\/wp\/v2\/types\/page"}],"author":[{"embeddable":true,"href":"https:\/\/silvinoeducacional.com.br\/site\/wp-json\/wp\/v2\/users\/1"}],"replies":[{"embeddable":true,"href":"https:\/\/silvinoeducacional.com.br\/site\/wp-json\/wp\/v2\/comments?post=171"}],"version-history":[{"count":2,"href":"https:\/\/silvinoeducacional.com.br\/site\/wp-json\/wp\/v2\/pages\/171\/revisions"}],"predecessor-version":[{"id":252,"href":"https:\/\/silvinoeducacional.com.br\/site\/wp-json\/wp\/v2\/pages\/171\/revisions\/252"}],"up":[{"embeddable":true,"href":"https:\/\/silvinoeducacional.com.br\/site\/wp-json\/wp\/v2\/pages\/18"}],"wp:attachment":[{"href":"https:\/\/silvinoeducacional.com.br\/site\/wp-json\/wp\/v2\/media?parent=171"}],"curies":[{"name":"wp","href":"https:\/\/api.w.org\/{rel}","templated":true}]}}

Reabilitação Cognitiva

<h1>
		Reabilitação Cognitiva
	</h1>
	O nosso curso visa fornecer mecanismos teóricos e práticos em reabilitação cognitiva, no sentido de capacitar pacientes e familiares a conviver, lidar, contornar, reduzir ou superar deficiências cognitivas, emocionais e sociais, proporcionando melhora significativa na qualidade de vida.<br />
Capacitando cada vez mais o profissional, levando em conta as exigências de atuação multiprofissional.
			<a href="https://silvinoeducacional.com.br/site/inscreva-se/" target="_self" role="button" rel="noopener">
							Inscreva-se
					</a>
				<img loading="lazy" decoding="async" src="https://silvinoeducacional.com.br/site/wp-content/uploads/2022/03/atendimento_educacional.png" alt="atendimento_educacional" itemprop="image" height="2500" width="2758" title="atendimento_educacional" onerror="this.style.display='none'"  />
<h1>
		Informações adicionais
	</h1>
				<img loading="lazy" decoding="async" src="https://silvinoeducacional.com.br/site/wp-content/uploads/2022/03/pessoa_v3.png" alt="pessoa_v3" itemprop="image" height="2500" width="2122" title="pessoa_v3" onerror="this.style.display='none'"  />
				<img loading="lazy" decoding="async" src="https://silvinoeducacional.com.br/site/wp-content/uploads/2022/03/logo_novo-300x300.png" alt="logo_novo" itemprop="image" height="300" width="300" title="logo_novo" onerror="this.style.display='none'"  />
	<h6>Alavanque sua carreira!</h6>
<h6>Venha para SILVINO EDUCACIONAL</h6>

<p>Reabilitação Cognitiva O nosso curso visa fornecer mecanismos teóricos e práticos em reabilitação cognitiva, no sentido de capacitar pacientes e familiares a conviver, lidar, contornar, reduzir ou superar deficiências cognitivas, emocionais e sociais, proporcionando melhora significativa na qualidade de vida. Capacitando cada vez mais o profissional, levando em conta as [&hellip;]</p>
