{"id":34,"date":"2022-03-11T17:20:07","date_gmt":"2022-03-11T20:20:07","guid":{"rendered":"https:\/\/silvinoeducacional.com.br\/site\/?page_id=34"},"modified":"2022-03-22T21:39:04","modified_gmt":"2022-03-23T00:39:04","slug":"psicomotricidade","status":"publish","type":"page","link":"https:\/\/silvinoeducacional.com.br\/site\/pos-graduacao\/psicomotricidade\/","title":{"rendered":"Psicomotricidade"},"content":{"rendered":"\n<h1>\n\t\tPsicomotricidade\n\t<\/h1>\n\t<p>Os profissionais que optarem por essa p\u00f3s-gradua\u00e7\u00e3o estar\u00e3o preparados para trabalhar com a educa\u00e7\u00e3o de forma diferenciada, com a\u00e7\u00f5es que priorizam a rela\u00e7\u00e3o entre o psiquismo e motricidade do desenvolvimento humano, trabalhando tamb\u00e9m a comunica\u00e7\u00e3o, aprendizagem e socializa\u00e7\u00e3o.<\/p>\n<p>O curso de Psicomotricidade destina-se a psic\u00f3logos, fisioterapeutas, terapeutas ocupacionais, fonoaudi\u00f3logos, pedagogos, graduados em educa\u00e7\u00e3o f\u00edsica, psicopedagogos, arte-educadores, enfermeiros, m\u00e9dicos e \u00e1reas afins.<\/p>\n\t\t\t<a href=\"https:\/\/silvinoeducacional.com.br\/site\/inscreva-se\/\" target=\"_self\" role=\"button\" rel=\"noopener\">\n\t\t\t\t\t\t\tInscreva-se\n\t\t\t\t\t<\/a>\n\t\t\t\t<img loading=\"lazy\" decoding=\"async\" src=\"https:\/\/silvinoeducacional.com.br\/site\/wp-content\/uploads\/2022\/03\/atendimento_educacional.png\" alt=\"atendimento_educacional\" itemprop=\"image\" height=\"2500\" width=\"2758\" title=\"atendimento_educacional\" onerror=\"this.style.display='none'\"  \/>\n<h1>\n\t\tInforma\u00e7\u00f5es adicionais\n\t<\/h1>\n\t\t\t\t<img loading=\"lazy\" decoding=\"async\" src=\"https:\/\/silvinoeducacional.com.br\/site\/wp-content\/uploads\/2022\/03\/pessoa_v3.png\" alt=\"pessoa_v3\" itemprop=\"image\" height=\"2500\" width=\"2122\" title=\"pessoa_v3\" onerror=\"this.style.display='none'\"  \/>\n\t\t\t\t<img loading=\"lazy\" decoding=\"async\" src=\"https:\/\/silvinoeducacional.com.br\/site\/wp-content\/uploads\/2022\/03\/logo_novo-300x300.png\" alt=\"logo_novo\" itemprop=\"image\" height=\"300\" width=\"300\" title=\"logo_novo\" onerror=\"this.style.display='none'\"  \/>\n\t<h6>Alavanque sua carreira!<\/h6>\n<h6>Venha para SILVINO EDUCACIONAL<\/h6>\n\n","protected":false},"excerpt":{"rendered":"<p>Psicomotricidade Os profissionais que optarem por essa p\u00f3s-gradua\u00e7\u00e3o estar\u00e3o preparados para trabalhar com a educa\u00e7\u00e3o de forma diferenciada, com a\u00e7\u00f5es que priorizam a rela\u00e7\u00e3o entre o psiquismo e motricidade do desenvolvimento humano, trabalhando tamb\u00e9m a comunica\u00e7\u00e3o, aprendizagem e socializa\u00e7\u00e3o. O curso de Psicomotricidade destina-se a psic\u00f3logos, fisioterapeutas, terapeutas ocupacionais, fonoaudi\u00f3logos, [&hellip;]<\/p>\n","protected":false},"author":1,"featured_media":0,"parent":18,"menu_order":0,"comment_status":"closed","ping_status":"closed","template":"page-templates\/template-pagebuilder-full-width.php","meta":{"_monsterinsights_skip_tracking":false,"_monsterinsights_sitenote_active":false,"_monsterinsights_sitenote_note":"","_monsterinsights_sitenote_category":0,"spay_email":"","footnotes":""},"class_list":["post-34","page","type-page","status-publish","hentry"],"_links":{"self":[{"href":"https:\/\/silvinoeducacional.com.br\/site\/wp-json\/wp\/v2\/pages\/34","targetHints":{"allow":["GET"]}}],"collection":[{"href":"https:\/\/silvinoeducacional.com.br\/site\/wp-json\/wp\/v2\/pages"}],"about":[{"href":"https:\/\/silvinoeducacional.com.br\/site\/wp-json\/wp\/v2\/types\/page"}],"author":[{"embeddable":true,"href":"https:\/\/silvinoeducacional.com.br\/site\/wp-json\/wp\/v2\/users\/1"}],"replies":[{"embeddable":true,"href":"https:\/\/silvinoeducacional.com.br\/site\/wp-json\/wp\/v2\/comments?post=34"}],"version-history":[{"count":2,"href":"https:\/\/silvinoeducacional.com.br\/site\/wp-json\/wp\/v2\/pages\/34\/revisions"}],"predecessor-version":[{"id":250,"href":"https:\/\/silvinoeducacional.com.br\/site\/wp-json\/wp\/v2\/pages\/34\/revisions\/250"}],"up":[{"embeddable":true,"href":"https:\/\/silvinoeducacional.com.br\/site\/wp-json\/wp\/v2\/pages\/18"}],"wp:attachment":[{"href":"https:\/\/silvinoeducacional.com.br\/site\/wp-json\/wp\/v2\/media?parent=34"}],"curies":[{"name":"wp","href":"https:\/\/api.w.org\/{rel}","templated":true}]}}